939, 0 = 3*a + 2*w + 3004. Calculate the remainder when 68 is divided by a/24*(-18)/15.
18
Let c = 3068 + -2979. Calculate the remainder when c is divided by 81.
8
Let z(m) = -184*m - 1314. Calculate the remainder when z(-9) is divided by (77 - 11) + (6 - 1 - 2).
66
Let z(i) = -i**3 + 17*i**2 + 103*i - 17. Calculate the remainder when z(21) is divided by 166.
50
Suppose -2*f - 5*c + 42 = 0, -2*c = 5*f + 3*c - 135. Let h = 37 - f. What is the remainder when 8 is divided by h?
2
Suppose -5*q = -5*n + 30055, 0 = -n - 3*q + 7632 - 1621. Calculate the remainder when n is divided by 1200.
11
Suppose 0 = -34*k + 549 + 947. What is the remainder when 118 is divided by k?
30
Suppose -6*n + 2*n = 4. Let t be -2*n/(-1 + 0). Let z = 15 - t. What is the remainder when 116 is divided by z?
14
Suppose 344*a - 1247 = 301*a. What is the remainder when 1156 is divided by a?
25
Suppose 58591 + 208013 = 52*b - 13*b. What is the remainder when b is divided by 22?
16
Suppose -311*b = -277643 - 186369. Calculate the remainder when 1506 is divided by b.
14
Let i(a) = 12*a. Let g be i(-5). Let f be -1*10*g/(-25). Let x = f - -30. Calculate the remainder when x is divided by 2.
0
Let d = 68 - -127. Let p = d + -115. Calculate the remainder when 157 is divided by p.
77
Suppose -4*f - 2*v + 230 = 0, -5*v = -583*f + 581*f + 157. What is the remainder when 444 is divided by f?
17
Let i(f) = -24*f**3 - 7*f**2 + 6*f + 45. Calculate the remainder when i(-4) is divided by 244.
225
Calculate the remainder when 865/17 - (1206/153 + -8) is divided by (-100)/(-5)*(36/8 + -3).
21
Suppose 6*d + 69 = 5*n, 3*d - 33 = 7*n - 9*n. What is the remainder when 148 is divided by n?
13
Let q(c) = 3*c**2 + 22*c + 4. Let m be q(8). Suppose 24*v - m = 2268. What is the remainder when v is divided by 23?
18
Suppose -298504 = -197*s - 36296 + 446598. Calculate the remainder when s is divided by 61.
60
Suppose 470 + 18 = 4*o. Suppose -z + 4*n = -o, n + 22 = -z + 144. Let b = -36220 - -36261. Calculate the remainder when z is divided by b.
40
Let w(u) = 3*u**3 + 32*u**2 - 15*u - 24. Calculate the remainder when 57 is divided by w(-11).
17
Suppose 194 = d + 5. Suppose -31*u - 13*u = -8*u. Calculate the remainder when d is divided by (5 + 1)*(u - -4).
21
Suppose f + 38 = -16. Let c(b) = b**3 - 20*b**2 + 6*b - 30. Let k be c(20). Let i = k + f. Calculate the remainder when i is divided by 10.
6
Let q(u) = -3*u**2 + 31*u + 27. Let s be q(11). Suppose 5 = s*f, y + 5*f = 6*y - 105. Calculate the remainder when 59 is divided by y.
15
Let h = 14379 - 14302. Suppose 4*u + 2*t - 266 = 0, 4*u + 5*t - 162 = 119. Calculate the remainder when h is divided by (-6)/(-4)*u/6.
13
Suppose 4*d - 4 = 8, 3*d = 3*i - 129. Let c be 28/4 + -5 + 37. Suppose -o = 23 - c. What is the remainder when i is divided by o?
14
Suppose 8760 - 1452 = 116*b. Calculate the remainder when 1409 is divided by b.
23
Suppose -2*m = 2*f + 4, -3*m + m - 4*f = 12. Suppose t - 105 = -m*t. What is the remainder when -68*(3 + -3 + -1) is divided by t?
33
Suppose -36 = -4*t + f + 3*f, 2*t = f + 13. Let z(o) = 14*o + 15. What is the remainder when z(t) is divided by 15?
11
Let b = 50 + -45. Suppose 5*n = b*t - 0*n + 50, 4*t + 24 = -4*n. Let l(d) = -3*d + 27. Calculate the remainder when l(t) is divided by 27.
24
Let v = -2515 + 2591. What is the remainder when 8281 is divided by v?
73
Let h = -416 + 467. Suppose 0 = h*f - 42*f - 189. What is the remainder when 54 is divided by f?
12
Let d(o) = 17*o + 113. Let l be d(-6). Suppose -23*c + 432 = -l*c. What is the remainder when c is divided by 22?
14
Suppose h = -4*s + 9, -30*s + 27*s + 9 = h. What is the remainder when (h + (-3 - 26))*-6 is divided by 11?
10
Let o(q) = -q**2 - 5*q - 3. Let s be o(-2). Suppose -128*a = -25*a + 89*a - 1728. What is the remainder when s*(-1)/(-6)*34 is divided by a?
8
Let y(z) = 22*z**2 + 1255*z + 83. Calculate the remainder when 10060 is divided by y(-57).
24
Suppose -323 = -n + 4*j + 695, -5*n - j = -5027. What is the remainder when n is divided by 84?
82
Let q be (12/8)/1 + (-7)/(-2). Let u be (-272)/(-5) + (-2)/q. Let c = -23 + u. Calculate the remainder when c is divided by 8.
7
Suppose -22*w + 862 = -1184. Calculate the remainder when w is divided by 48.
45
Let o = -170 - -104. Let y = o - -82. What is the remainder when 19 is divided by y?
3
Let t(u) = -2*u**2 + 19*u - 12. Let k be t(9). Let v = 41 + -29. Calculate the remainder when ((-1)/k)/(7/231)*2 is divided by v.
10
Suppose 677 = 6*l + 89. Let v = l - 24. What is the remainder when v is divided by 13?
9
Let f(j) = 2*j**2 - j + 6 - 17 - 7. What is the remainder when 126 is divided by f(5)?
18
Suppose -5*c - k + 1184 = 0, 5*k = 5*c + 141 - 1331. Suppose -27 - 5 = -2*r. Calculate the remainder when c is divided by r.
13
Let s(q) = -q**3 - 6*q**2 + 29*q + 23. Let k = 62 + -58. What is the remainder when s(-9) is divided by k?
1
Suppose 422 = -72*d + 1286. What is the remainder when 871 is divided by d?
7
Let h(w) = w - 2. Let l be h(4). Suppose -l*v - v = 2*f - 27, -5*v + 26 = -3*f. Let c = 45 + v. What is the remainder when c is divided by 11?
8
Let b(j) = j**3 + 48*j**2 - 324*j + 413. Calculate the remainder when b(-54) is divided by 138.
137
Suppose d = 4*d - 3. Suppose -13*g + 1488 = -66*g + 77*g. Calculate the remainder when g is divided by 65/10 + d/2.
6
Let r be ((-3)/((-60)/55))/(2/(-8)). Let x = r - -105. Calculate the remainder when x is divided by (-1)/(((-1)/(-25))/(-1)).
19
Let f be (-17 + -21)/((-88)/42 + 2). Suppose -31*m = -12*m - f. Calculate the remainder when 62 is divided by m.
20
Let x(s) = -s**3 + 29*s**2 + s + 124. What is the remainder when x(29) is divided by 6?
3
Suppose 0 = v + 3, -5*b + 13 = -4*v + 3*v. Suppose -3*r + 264 = 4*h, -3*r - 2*r - 132 = -b*h. Let o = h + -63. Calculate the remainder when 11 is divided by o.
2
Suppose 2*o + 2*q = -68, 0*q + 3*q = 4*o + 164. Let x = o - -108. Let z = x + 0. Calculate the remainder when z is divided by 18.
16
Suppose -110*d = -1881 - 4279. Calculate the remainder when 178 is divided by d.
10
Let b(p) = 53*p**3 - 12*p**2 + 7*p + 8. What is the remainder when b(2) is divided by 40?
38
Let n(v) = 77*v**2 + 4*v - 2. Let a be n(1). Let s be -3 - -3 - (-1 + 3). What is the remainder when -3 - (s + -1) - (-1 - a) is divided by 27?
26
Let g be 2*((-3)/1 - (-45)/10). Suppose t + 3*v = g*t + 5, 0 = -2*t - v - 1. Let f = 6 + t. Calculate the remainder when f is divided by 3.
2
Suppose -7*y = 4*b + 533 - 918, 2*y - 153 = 5*b. Suppose 3 = -4*m - 17, -4*m = 3*d - 82. Calculate the remainder when y is divided by d.
25
Suppose y - 67 = 4*a, 34*y - 38*y - 3*a + 40 = 0. Suppose -n + 4 = -3*n. What is the remainder when (n/(-5))/(2/140) is divided by y?
9
Suppose 4*q = 4*p + 40, 0 = 4*p + 5*q + 38 + 2. Let c = 12 + p. What is the remainder when 34 is divided by c*-1*91/(-14)?
8
Let n(r) = r**3 + 14*r**2 + r + 17. Let q be n(-14). Suppose 66 = 5*m + 4*k, m + q*k = -0*m + 22. Calculate the remainder when (-7 + 3 + 3)*-38 is divided by m.
8
Let t(u) = -15*u + 971. What is the remainder when 151 is divided by t(64)?
8
What is the remainder when 17212 is divided by (34*(-5)/(-100))/((-28)/(-280)) + 2?
17
Let o be (10 + -14)*(0/2 + -2). Suppose o*c - 450 = -7*c. Suppose -19 = -w - g + 4*g, -g = -5*w + 81. Calculate the remainder when c is divided by w.
14
Let h = 9 - 5. Let r(j) = 10*j + 22. Let o be 2/16 - (-18)/(-16). What is the remainder when r(o) is divided by h?
0
Let x(h) = -h**2 + 119*h - 46. What is the remainder when x(102) is divided by 89?
86
Let k(x) = -x**3 + 154*x**2 - 74*x**2 + 10*x - 81*x**2 - 7 - 7. What is the remainder when 211 is divided by k(-5)?
31
Let m = 50 - 46. Let k be (1 + (-178)/m)*(-4)/3. Suppose h + 4*y = 15, -5*h + 2*y + k + 39 = 0. What is the remainder when h is divided by 6?
1
Calculate the remainder when 296 is divided by ((-10)/(-7) - (-16)/28)*(-910)/(-28).
36
Suppose p - 2439 = 5*r, -2378*r = -2375*r - 12. What is the remainder when p is divided by 29?
23
Let k = 71 + -82. Suppose -s + 4*g + g = -15, -225 = -5*s - 5*g. Let d = k + s. What is the remainder when 84 is divided by d?
26
Suppose 20*d - 118 = 82. Suppose -3*q - 11*l + 50 = -d*l, -4*l - 88 = -4*q. What is the remainder when 251 is divided by q?
17
Let n be 2/28*4 -